 z is divided by 31.
30
Suppose 2*l + 11 = g + l, 0 = -5*g + 3*l + 53. Let z(c) = c**2 + c + 4. What is the remainder when g/45 - (-97)/9 is divided by z(0)?
3
Suppose -o + 27 = 2*d, 2*d + 0*d + 5*o = 7. What is the remainder when d is divided by 6?
4
Suppose 30 = -2*g - 20. Let l = 44 + g. Calculate the remainder when l is divided by 10.
9
Let o(g) = 2*g**3 - 2*g**2 - 4*g + 2. Let f be o(3). Let v = f + -8. Let i = -43 - -77. Calculate the remainder when i is divided by v.
16
Let j = 14 + -6. Suppose j = -2*i + 30. Calculate the remainder when 32 is divided by i.
10
Suppose 2*x - 298 = -5*s, 3*s + x = 4*s - 54. What is the remainder when s is divided by 20?
18
Suppose -4*n = -0*n - 120. Calculate the remainder when n is divided by 8.
6
Let i be -3 + 1 + (1 - 0). Let o(q) = -2*q + 0*q - 2*q. Calculate the remainder when o(i) is divided by 3.
1
Suppose 4*m - 37 = 135. Calculate the remainder when 212 is divided by m.
40
Suppose -664 = -10*o - 94. Suppose -7 = 2*q - 37. Calculate the remainder when o is divided by q.
12
Suppose -3*j = -5*a + a + 112, 0 = -a + 4*j + 28. Let p = a + -15. What is the remainder when (-4)/(-18) - (-223)/9 is divided by p?
12
Let b(s) = 15*s**2 - 2*s. Let z(x) = -x + 11. Suppose -5*h + h - 5*n - 57 = 0, 3*n - 1 = 2*h. What is the remainder when b(2) is divided by z(h)?
18
Let r be (12/10)/(6/15). Suppose 0 = -r*s + 19 + 8. What is the remainder when 17 is divided by s?
8
Let h = 8 - 11. What is the remainder when 7 is divided by h/(-1) + (0 - 0)?
1
Let i be (-9)/(-5) - (-1)/5. Let z(f) = f**3 + 2*f**2 - f - 1. Let b be z(-2). What is the remainder when 13 is divided by (b + -2)/(i/(-14))?
6
Suppose 5*q + 13 = -5*t + 38, -3*q + 22 = -4*t. Let c be 2/q + (-28)/12. Calculate the remainder when (-171)/(-6) - 1/c is divided by 10.
9
Suppose 5*g - 18 = 2*g. Let p = 5 - 2. Calculate the remainder when 5/((-5)/p)*-3 is divided by g.
3
Let i = 191 - 186. Calculate the remainder when 12 is divided by i.
2
Suppose 8*v - 165 = 3*v. Let i = 46 - v. Let h = 18 + i. Calculate the remainder when h is divided by 11.
9
Suppose 4*m + 12 - 100 = 0. Calculate the remainder when 41 is divided by m.
19
What is the remainder when 3/2*(-140)/(-6) is divided by 12?
11
Suppose -5*w - 3*m + 87 = 0, 6*w - 2*w - m = 56. What is the remainder when w is divided by 8?
7
Suppose 2*j + 32 = 6*j. Calculate the remainder when 167 is divided by j.
7
Let t = 14 - 11. Suppose 16 - 10 = t*o. Calculate the remainder when 4 is divided by o.
0
Let m = -7 + 10. Suppose 0 = b - m*q + 5, 5*b - 4 = 2*q + 10. Calculate the remainder when 11 is divided by b.
3
Suppose -4*h + 3*u = -85, -5*h = -3*u - 86 - 24. Suppose -5*o + 40 = 5*c - 2*o, h = 4*c + o. Calculate the remainder when c is divided by 2.
1
Suppose r - 2 - 4 = 4*o, -5*o + 6 = r. Calculate the remainder when 21 is divided by r.
3
Suppose 7*t - 116 = 3*t. Suppose g - t = 8. Let z(d) = d**3 - 7*d**2 - 5*d - 11. What is the remainder when g is divided by z(8)?
11
Suppose 10*l + 405 = 13*l. Calculate the remainder when l is divided by 34.
33
Suppose 0 = 17*r - 15*r - 50. What is the remainder when r is divided by 14?
11
Calculate the remainder when 6 is divided by (-161)/(-35) + (-2)/(-5).
1
Suppose -1660 = 2*o - 7*o. Let c = o - 236. Suppose 0 = 5*p - c - 34. Calculate the remainder when p is divided by 14.
12
Suppose 3*u - 5*l - 37 = 0, 27 = 2*u - 5*l + 9. What is the remainder when 34 is divided by u?
15
Let g(n) = 2*n + 5. Let l be g(-4). Calculate the remainder when 23 + ((-6)/l)/(-2) is divided by 12.
10
Suppose 0 = -l + 3*l - 106. Calculate the remainder when l is divided by 14.
11
Let c be (6/(-15))/(3/(-210)). Let v be 1*(c - 1) - 2. Suppose 0*w + v = 5*w. What is the remainder when 17 is divided by w?
2
Let b = 0 + 1. Let z = -8 + 9. Calculate the remainder when z is divided by b.
0
Let b = -13 - -38. Suppose 0 = -2*y + 27 + b. Calculate the remainder when y is divided by 9.
8
Suppose -15 = -7*n + 251. Let s(v) = 3*v**2 - 2*v. What is the remainder when n is divided by s(2)?
6
Let j be (-90)/(-21) - (-2)/(-7). Let n(f) = -2 - 2 + j - 1 - f. Calculate the remainder when 7 is divided by n(-5).
3
Let y(s) = -9*s**3 - s**2. Let n = 94 - 29. Let a = -43 + n. Calculate the remainder when a is divided by y(-1).
6
Suppose -a - 468 = -5*a. Calculate the remainder when a is divided by 61.
56
Let j be 2/((0 + 3)/6). Let v be 1/4 - 44/(-16). Suppose 8 = j*s - v*s. Calculate the remainder when 15 is divided by s.
7
Let y(n) = 3*n**2 - 12*n + 5. What is the remainder when y(6) is divided by 11?
8
Let s(g) = 4*g**2 - 2*g - 1. Suppose 0 = -0*m + 5*m - 10. What is the remainder when (10/7)/(7/98) is divided by s(m)?
9
Suppose 3*i + 2*x = 27 + 157, 5*i - 3*x = 275. Calculate the remainder when i is divided by (2160/(-54))/((0 + -1)*2).
18
Let i be -2 - 1 - (-2 - -2). Let b(c) = c + 3. Let d be b(i). Suppose -o = -d*o - 33. What is the remainder when o is divided by 17?
16
Suppose 0 = -o - 0 + 2. Suppose -17 - 61 = -o*a. What is the remainder when a is divided by 10?
9
Let p(a) = -a**3 + 21*a**2 + 22*a + 24. Let w be (-7)/(-2)*4/(-1). Let x = -1 - w. What is the remainder when p(22) is divided by x?
11
Let p(r) = 6*r**3 + r**2 + 3. What is the remainder when 164 is divided by p(2)?
54
Calculate the remainder when (-6)/(-21) - 1569/(-21) is divided by 13.
10
Suppose -3*g - 4*u + 3 = -42, -4*g = -2*u - 82. Let r = 42 - g. Calculate the remainder when r is divided by 8.
7
Let y = -10 - -16. Suppose j + d = -0*j + 16, j = -5*d + 36. Calculate the remainder when j is divided by y.
5
Let q(v) = v + 4. Let d be q(-4). Suppose d = 5*g - 5*c + 25, 8 = 3*c - c. What is the remainder when 20 is divided by 27/4 - g/4?
6
Suppose 4*m = 2*v, -5*v + 2*v + 20 = 4*m. Suppose -m*z + 312 = 2*z. Calculate the remainder when z is divided by 27.
24
Let i(n) = 0*n**2 + 2 + n**3 + n**2 - 3*n + 6*n**2. Calculate the remainder when i(-7) is divided by (1/(-1))/(2/(-16)).
7
Suppose 4*z - 59 = k, 2*k = -2*z + k + 37. Suppose 0 = 4*b + 14 - 50. What is the remainder when z is divided by b?
7
Let m(x) = 3*x**2 - 9*x - x**3 - 5*x**2 + 6 - 7*x**2. Suppose -2*h + 85 = 3*v, -4*h - h = -5*v + 125. What is the remainder when v is divided by m(-8)?
13
Suppose 6 = -2*c, 6*w + 5*c - 200 = w. Let o = 2 + 9. Calculate the remainder when w is divided by o.
10
Suppose 10 - 25 = 5*p. Let r be (-6)/(-12) + p/(-2). Suppose 3*b + 5*f - 32 = 0, -f = -2*b + 2 + r. What is the remainder when 7 is divided by b?
3
Let s(h) = h + 10. Calculate the remainder when s(-4) is divided by 4.
2
Suppose 2*o + o = -18. Calculate the remainder when (-138)/(-10) + 2/10 is divided by (0 + (-10)/o)*3.
4
Let w(a) = 2*a**3 + 3*a**2 - 3*a + 4. Let h be w(-3). Let z = h + 24. Suppose 36 = 7*o - o. Calculate the remainder when z is divided by o.
4
Calculate the remainder when 118 is divided by 9/72 - 717/(-24).
28
Let c(h) = -h**3 - h**2 + 3*h + 3. Let d be c(-3). Suppose 4*a = -p + 2 + 3, -4*p - d = 0. Suppose 70 = a*y + 3*y. What is the remainder when y is divided by 5?
4
Suppose 8*r - 21 = 7*r. What is the remainder when r is divided by 8?
5
Let g = 6 + -12. Calculate the remainder when (-3)/g*(27 + 3) is divided by 4.
3
Let k(g) = g**2 + g + 6. Suppose -3*o = -0*o. Let z be k(o). Let i = -4 + z. Calculate the remainder when 2 is divided by i.
0
Suppose 7*z = 4*z + 42. Calculate the remainder when 53 is divided by z.
11
Suppose f = 4*m - 7*m + 52, 2*m - 35 = -f. Suppose 64 + 80 = 3*j. Calculate the remainder when j is divided by m.
14
Let s = -45 + 111. What is the remainder when s is divided by 18?
12
Suppose 22 = 2*u + 2*q, -4*u + 45 = -0*u + 3*q. What is the remainder when u is divided by 5?
2
Suppose -2*j + 68 = 2*f, 0 = -4*j - f - 57 + 178. Calculate the remainder when j is divided by 16.
13
Suppose -4*x = 5*x - 36. Calculate the remainder when 11 is divided by x.
3
Suppose 0*v - 4 = 2*v. Let i = 20 + v. What is the remainder when i is divided by 10?
8
Let o(n) = -6*n**3 - 4*n**2 - 4*n - 2. What is the remainder when o(-2) is divided by 20*((-6)/(-4) - 1)?
8
Let h(d) = -4*d + 1. Let u be h(-1). Let s = 8 - u. Calculate the remainder when (-4)/s*3/(-2) is divided by 1.
0
Let x(q) be the first derivative of q**3/3 - 4*q**2 + 6*q - 1. What is the remainder when 9 is divided by x(8)?